Let u be (-2120)/(-18) + (-6)/(-27). Let q = u + -68. List the prime factors of q.
2, 5
Let o be (0 - -12)/3 - -1. Suppose -o*f = 5*r - 15, -4*f = 4*r - r - 5. List the prime factors of r.
7
Suppose 0 = 4*o - 2*w - 158, -5*w = -2*o - 0*o + 91. List the prime factors of o.
2, 19
Suppose u = 7*b - 2*b + 10, -2*b = 3*u - 64. What are the prime factors of u?
2, 5
Let b be 82/3*12/8. Let y = b - 16. List the prime factors of y.
5
Let z = 10 + 27. What are the prime factors of z?
37
Let x(b) = 3*b**3 + 3*b**2 - 7*b - 8. Let n(i) = 7*i**3 + 5*i**2 - 13*i - 16. Let d(f) = 2*n(f) - 5*x(f). List the prime factors of d(-7).
43
Let m = 0 - -132. What are the prime factors of m?
2, 3, 11
Let o be (-172)/(-4) - (1 + -2). Let a = 80 - o. What are the prime factors of a?
2, 3
Let j(n) = -n**3 - 5*n**2 - 4*n. Let m be j(-5). Let q = m - 9. List the prime factors of q.
11
Suppose -2*b + 20 = 6. Let j = 12 - b. List the prime factors of j.
5
Let f(z) = -z**2 + 9*z - 9. Let j be f(7). Suppose j = -5*c - 0*p - 2*p, -4*c - 2*p - 6 = 0. Let t = c + 6. List the prime factors of t.
7
Suppose -13*d = -1878 - 2087. List the prime factors of d.
5, 61
Suppose 0 = -3*q - 2*q - 4*y + 126, 3*y = 12. List the prime factors of q.
2, 11
Let c be (3 + -9)/(0 - 2). What are the prime factors of (-2)/c + 99/27?
3
What are the prime factors of ((0 - 53)/(-1))/1?
53
Let r(n) = 2*n**3 - 5*n**2 - 2*n + 1. List the prime factors of r(4).
41
What are the prime factors of (-5)/(-2)*(-2432)/(-80)?
2, 19
Suppose 3 + 6 = 3*d, 5*r = -4*d - 8. Let i = -6 - r. Let m = i - -5. What are the prime factors of m?
3
Let q(o) = -6 - 2 + 7*o + 2 - 8*o. Let f be q(-8). Suppose -4*h - f*w + 56 = 0, -5*h + 0*w + w = -63. What are the prime factors of h?
13
List the prime factors of (6/12)/((-2)/(-112)).
2, 7
Let f(n) = 2*n**3 - 3*n**2 - n + 6. What are the prime factors of f(2)?
2
Let h be 2/9 + 6/(-27). Suppose -3*r + 2*r + 31 = h. What are the prime factors of r?
31
Let x = 235 - 82. What are the prime factors of x?
3, 17
Let g(c) = c**3 - 13*c**2 + 18*c - 2. List the prime factors of g(12).
2, 5, 7
Let c be ((-7)/14)/((-2)/(-192)). What are the prime factors of (c/(-40))/((-2)/(-10))?
2, 3
What are the prime factors of ((-18)/(-15))/((-1)/(-5))?
2, 3
Suppose -m = -0*m - 43. What are the prime factors of m?
43
Let j(q) = -q**2 - q - 1. Let y be j(1). Suppose 2*a = -a - 15. Let x = y - a. List the prime factors of x.
2
Suppose 4*i = -a + 25, 0*a + 1 = a. Let q be 2/3 - (-38)/i. Let c = 17 - q. List the prime factors of c.
2, 5
Suppose k = -2*k + 45. Suppose s + 5 = k. What are the prime factors of (-1)/(18/s - 2)?
5
Suppose -2*i + 63 = 11. Let a = i - 11. Suppose 2*k = -n + 7*k - 20, -a = -5*n + 2*k. What are the prime factors of n?
5
Suppose 3*y - 355 = -3*h - h, 0 = -2*y - 6. What are the prime factors of h?
7, 13
Suppose 0 = -3*k - 11 + 65. What are the prime factors of k?
2, 3
Let c be (-9)/4*64/12. List the prime factors of (-52)/(-2)*c/(-8).
3, 13
Let h = 2 + -4. Let n be (-2)/(h/8*2). Suppose 0 = c - 7 - n. List the prime factors of c.
11
Suppose p = 3*c + c - 28, 2*p - 22 = -5*c. Suppose -4*u + 3*u + c = 0. Suppose -27 = -3*o - 3*g, 0 = -u*o + 3*o + 3*g + 9. List the prime factors of o.
2, 3
Let s = 3 - 3. Suppose 3*t - 6*d + 4 = -2*d, t - 5*d + 16 = s. List the prime factors of t.
2
Let q(b) = b**3 - 4*b**2 + 2*b + 3. Let y be q(3). Suppose 4*s + 54 = -0*j - j, 5*j + 10 = y. Let i = s + 18. What are the prime factors of i?
5
Let z be -2 - (-6)/(-3)*-1. Suppose 0 = -2*q + 6, -2*t - 2*t - 5*q + 107 = z. List the prime factors of t.
23
Suppose 3*s - z - 7 = 0, 0*z = 5*s - z - 11. Suppose 4*d - s = -i, -5*i + 8*i = 5*d + 6. What are the prime factors of (-12)/(i - 9/3)?
2, 3
Let z(q) = -q**2 + 6*q - 5. Let m be z(5). Suppose m = -5*i + f - 4*f + 61, -5*f = 15. What are the prime factors of i?
2, 7
Suppose -4*t + 8 = 0, 0 = -b - 3*b - 2*t + 44. What are the prime factors of b?
2, 5
Let y = 0 + 0. Suppose 12 = -2*s - 2*s. What are the prime factors of s*(30/(-9) + y)?
2, 5
Suppose -14 - 1 = 5*y. Let g be ((-1)/2)/(y/30). Let l = g + 5. What are the prime factors of l?
2, 5
Let c be ((-8)/(-10))/(14/35). Suppose -2*u - i + 13 = 0, c*i = -5*u + 6*i. List the prime factors of u.
2
Let h(z) = -z. Let t be h(-3). Suppose x = -3*x - a + 27, -a = t*x - 21. List the prime factors of x.
2, 3
Suppose 5*i = 5*y + 5, -18 = -4*i - 4*y + 18. Suppose i*z = 131 - 26. List the prime factors of z.
3, 7
Suppose 4*i + 0*i + 8 = 0. Let m(h) = -h**2 - h - 24. Let v be m(0). List the prime factors of v/(-15)*(-5)/i.
2
Let a = -145 - -277. What are the prime factors of a?
2, 3, 11
Let f be (2/5)/(1/(-30)). Let v be (-3)/f - 10/8. List the prime factors of v + 2 - -8*1.
3
Let r = 9 - 15. Let v(c) = -1 + 9 + 5*c - 2 + c**2. List the prime factors of v(r).
2, 3
Suppose -2*u - 72 = u. Let p = u + 34. What are the prime factors of p?
2, 5
Let j(g) = 2*g - 1 - 4*g + 3*g. Let l be j(-5). Let d = l - -11. List the prime factors of d.
5
Let m be 2/(-4) + (-2)/4. Let k = 9 + m. What are the prime factors of k?
2
Suppose 4*h - 262 = 2*c, -5*h + 4*c - 132 + 452 = 0. What are the prime factors of h?
2, 17
Suppose 1 = 6*p - 83. What are the prime factors of p?
2, 7
Let k = -748 + 1153. What are the prime factors of k?
3, 5
Suppose -28 + 92 = 2*i. Suppose 33*x - 31 = i*x. List the prime factors of x.
31
Let o be 1*(-1 + 5 + 1). Let i = -35 + 51. Let t = i - o. List the prime factors of t.
11
Let s(i) = 19*i**3 - i - 1. Let v be s(-1). Let k = -6 - v. List the prime factors of k.
13
Let g be ((-12)/(-10))/((-14)/(-35)). Suppose -5*i + 30 = -g*i. List the prime factors of i.
3, 5
List the prime factors of ((-595)/(-25) - 4)/((-6)/(-20)).
2, 3, 11
Suppose -5 = -b, 2*b - 6*b = -g - 4. What are the prime factors of g?
2
Let c = -69 - -121. Suppose 0 = -4*o + c + 32. What are the prime factors of o?
3, 7
Suppose -5*r + 7*r = 108. List the prime factors of r.
2, 3
Let q(u) = u**3 - 5*u**2 - 7*u + 6. What are the prime factors of q(7)?
5, 11
Let n = 457 + -317. What are the prime factors of n?
2, 5, 7
Suppose -3*y + d = -155, 5*d + 83 = 3*y - 56. List the prime factors of y.
53
Let k(i) = -i**2 + 2. Let h be k(0). Suppose -h*p + 2*d - 4*d = -8, -p - 2 = -d. List the prime factors of ((-3)/2)/(p/(-4)).
2, 3
Let s(v) be the third derivative of v**4/12 + v**3/6 + v**2. List the prime factors of s(2).
5
Suppose 2*j + 8 = -j - b, j - 4*b + 7 = 0. List the prime factors of 25*(j/5 - -1).
2, 5
Suppose 0 = -5*v + 2*v. Suppose v*j = -5*j + 55. Suppose 3*l - 13 - j = 0. List the prime factors of l.
2
Let k = 54 - -46. List the prime factors of k.
2, 5
Let v be (-4)/(-10) + 6/10. Suppose -n + v + 4 = 0. List the prime factors of n.
5
Let s(o) = -o**3 + o**2 - 3*o + 332. What are the prime factors of s(0)?
2, 83
Let o = -2 - -4. Suppose -4*k = -2*c - 28, o = 4*k + c - 20. Suppose -33 = -3*g - k. What are the prime factors of g?
3
Let k(d) = d**2 - 17*d - 7. List the prime factors of k(21).
7, 11
Let m be (-59)/(-2) + 5/10. List the prime factors of 5*(-2)/(m/(-69)).
23
Suppose 2*k - 43 - 11 = -5*o, 5*k + 15 = 0. Suppose 3*u - 6*u = -4*l + 20, -2*u - o = -2*l. List the prime factors of l.
2
Let f = -5 - -7. Suppose f = -0*z + z. Suppose z*s - 3 = 5. List the prime factors of s.
2
Let b(u) = 7*u + 22. List the prime factors of b(7).
71
Let x(s) be the second derivative of 8*s**3/3 - s**2/2 + 3*s. List the prime factors of x(1).
3, 5
Suppose 9 = 5*u + 4*h, h - 1 = -5*u + 5. Let m be (-20)/(-6) - (-6)/9. Suppose -m*l + u = -7. List the prime factors of l.
2
Let y(w) = -2*w**3 + 6*w**2 - 2*w - 1. Let g(j) = 3*j**3 - 6*j**2 + j + 2. Let b(u) = 3*g(u) + 4*y(u). What are the prime factors of b(-6)?
2
Let p(d) = 2*d**3 - 6*d**2 - 9*d + 6. List the prime factors of p(6).
2, 3, 7
Let y(x) = 7*x**2 - 2*x - 3. Let h be y(-3). Suppose -8 = -2*s, -s + h = 5*v + 3*s. What are the prime factors of v?
2, 5
Let y be (-2)/(-4) + (-15)/(-2). Let k = 27 - 8. Suppose -3*v + y + k = 0. List the prime factors of v.
3
Let l(x) = -x - 2*x + 3 + 6 - x. What are the prime factors of l(-8)?
41
Suppose 0 = 5*i - d - 4, 1 = 2*d + 9. Let c = 23 - i. List the prime factors of c.
23
Let i = 305 + -210. List the prime factors of i.
5, 19
Let j = 13 + -8. Suppose 0 = x + 2*h - 4*h - 4, -3*